(m). What is q(t)?
2
Suppose d + j - 1 = 0, 4*j = 3*d + 2*j - 28. Let a be (-1)/3 + 38/d. Suppose 4*m = a + 2. Let z(f) = f - 2. Give z(m).
0
Let y(v) be the second derivative of v**3/6 - 7*v. Give y(-2).
-2
Let h(r) = -2*r - 1. Let d = 5 - 10. Let s be (-4)/5*(d + 10). What is h(s)?
7
Let o(d) = d**2 - 1. Let i be (12/6)/((-2)/(-3)). Suppose 0*m - i*m = 0. Give o(m).
-1
Let a(r) = -7*r**3 - 17*r**2 + r - 13. Let n(z) = -4*z**3 - 9*z**2 + z - 6. Let c(k) = k. Let o be c(5). Let y(j) = o*n(j) - 3*a(j). Determine y(-6).
-3
Let k(n) = -n**2 - 4*n + 4. Let u(a) = a**2 + 7*a. Let j be u(-5). Let b = 6 + j. Give k(b).
4
Let j(i) = i + 8. Suppose 5*y + 14 = 4*m + 2, y + 5*m = 15. Suppose y = -4*g + 2*g. Give j(g).
8
Let y(j) = j + 8. Let z be y(-6). Let l(p) = p + 0*p - 4*p + 5*p + z. Calculate l(-2).
-2
Let v be 1 + (0 - 1) - -1. Let q(f) be the second derivative of -2*f + 1/3*f**3 - 1/6*f**4 - 1/20*f**5 - 1/2*f**2 + 0. Give q(v).
-2
Let j(h) = h**3 - 2*h + h + 4 - 4*h**2 + h. Let z be (-2 - (0 + -2)) + -1. Let w = z + 5. Calculate j(w).
4
Let y(d) = 2*d**2 + 3*d + 1. Let c be 1/(1/4 + 0). Suppose -3*s = j - c, s + j + 8 = 3*j. Suppose 7 - 20 = 3*u + a, 4*u - 3*a = s. Determine y(u).
10
Let q(y) = 3*y + 94 - 175 + 86. What is q(-6)?
-13
Suppose -1 - 1 = -t. Let a(b) = -2 + 3 - t + 0 - 5*b. Let w be (2/(-6))/(4/(-12)). What is a(w)?
-6
Let n(j) = 13*j**2 + 1. Let b be -3*((-28)/12 - -2). Determine n(b).
14
Let w be 4/8 + 44/8. Let i be (-4)/w*72/(-12). Let t(b) = 4*b - 4. Calculate t(i).
12
Let y(b) = 0 + 0 + 7 - b - b**2 + 4. Give y(0).
11
Let c(d) = -d**3 - 32*d**2 - 31*d + 6. Let f be c(-31). Let u(x) = -4*x**2 + x - 1. Let b(m) = m**2 - m - 1. Let r(a) = -5*b(a) - u(a). Calculate r(f).
-6
Let f(x) be the third derivative of x**7/840 + x**6/90 + x**5/120 - x**3/2 + 3*x**2. Let y(o) be the first derivative of f(o). What is y(-3)?
6
Let f(b) be the second derivative of b**3/2 + b. What is f(2)?
6
Suppose -3*s - 1 = 5. Let w = s - -3. Let j(r) = 4*r - 1. Give j(w).
3
Let b(a) be the second derivative of a**5/20 + a**4/2 + 2*a**3/3 + 7*a**2/2 - 42*a - 2. Calculate b(-5).
12
Let a = 6 + -14. Let x be (-32)/a + (0 - -1). Let j(r) = r**3 - 4*r**2 - r - 7. Calculate j(x).
13
Let f be (-58)/8 - (-1)/4. Let i = -3 - f. Let r(v) = v**2 - 3*v + 3. Determine r(i).
7
Let t(f) = -f**3 - 5*f**2 + 6. Suppose 10*c = -33 - 17. Determine t(c).
6
Let n be -7 + 1/(-3 + 4). Let i(p) = -5*p**2 + 7. Let b(o) = 4*o**2 - 5*o - 7. Let u(r) = -r. Let c(m) = -b(m) + 6*u(m). Let w(y) = n*c(y) + 5*i(y). Give w(5).
-2
Let f be 45/(-10) - (-2)/(-4). Let w(v) be the second derivative of -v**4/24 + v**3/6 - v**2/2 - v. Let u(j) be the first derivative of w(j). Determine u(f).
6
Let p = 27 + -31. Let l(n) = -n**3 - 4*n**2 - 5. Give l(p).
-5
Let x be 10/(-15)*18/2. Let z(t) = -t**2 - 7*t - 7. Determine z(x).
-1
Let y(n) = -3*n**3 - 2*n**2 - n. Let j(v) = -v - 4. Suppose u = -0*u - 9. Let r = 6 + u. Let w be j(r). Give y(w).
2
Suppose -8*h = -7*h - 3. Let r(l) = l**2 + l - 2. Determine r(h).
10
Suppose 3*i - 13 = -4. Let f(o) = o**3 - 2*o**3 - i*o**2 + 2*o**3 + 6*o - 1 + 9*o**2. Give f(-5).
-6
Let n(z) be the second derivative of -z**3/6 - z**2/2 - z. Suppose 21 = y - 4*y. Let m = y - -7. Determine n(m).
-1
Let c(o) = -4*o - 3. Let g(m) = m. Let x(b) = -c(b) - 5*g(b). What is x(8)?
-5
Let s = 3 + -1. Suppose -2*l = -t - s, -4*l = -2*t - l. Let n = t + -2. Let v(q) = -q**3 + 3*q**2 + 5*q - 4. Give v(n).
0
Let r(b) = b**2. Let n(m) = -6*m**2 + 4. Let d(l) = -n(l) - 5*r(l). Let x(y) = y - 9. Let z be x(11). Let g = z + -5. Calculate d(g).
5
Let v(i) be the second derivative of 3*i**5/10 - i**4/6 - i**3/3 - i**2/2 + 14*i. Suppose -3*g - 3 = -0*g. Calculate v(g).
-7
Let w(s) = -s**2 + 2 - 7*s - 6 + 5 - 5. Calculate w(-6).
2
Let k be -3*(1 + 15/(-9)). Let f(z) = 4 + 1 - 5 + 9*z**k. Suppose -4 = -3*n - 2*j - 1, 4*j - 1 = -n. What is f(n)?
9
Let l(t) = -t**3 + 4*t**2. Let g be -3 + 7/(-3 - -4). Calculate l(g).
0
Let f = 2 - 1. Let d(y) = -y - 1. Let h(w) = 2*w - 5. Let q(s) = -4*d(s) + h(s). Give q(f).
5
Let i(g) = g**3 + g**2 - 2*g - 3. Let h(m) = -m**3 + 8*m**2 - 7*m - 2. Let s be h(7). Let t be ((-1)/2)/(s/(-8)). Give i(t).
-3
Let n(x) = 0*x + 4 - x + 9*x + x**2. What is n(-6)?
-8
Suppose x - 2*z + 0*z - 14 = 0, -z = 4*x - 92. Let b = 26 - x. Let a(p) be the first derivative of p**2/2 - 4*p + 1. Calculate a(b).
0
Let q be 5 + 0 - (1 + 0). Let y(w) be the first derivative of -w**4/12 + 5*w**3/6 - 5*w**2/2 + 2*w - 1. Let f(k) be the first derivative of y(k). What is f(q)?
-1
Suppose -4*v + 0 = 8. Let x(w) = w**3 + 3*w**2 + 4*w + 3. What is x(v)?
-1
Let d(u) = -3*u**3 - 9*u**2 - 2*u + 3. Let a(h) = 2*h**3 + 8*h**2 + h - 2. Let p(l) = -4*a(l) - 3*d(l). Calculate p(4).
-9
Suppose 0 = -4*d + 4 - 0. Let h(s) = -7*s**3 - 2*s**2 + s. Determine h(d).
-8
Let f(k) be the third derivative of -k**6/120 - k**5/30 - k**4/24 + k**3/3 - 10*k**2. What is f(-2)?
4
Let c(x) = 5*x**3 + x**2 + 8*x + 5. Let h(w) = 11*w**3 + w**2 + 17*w + 11. Let l(p) = 9*c(p) - 4*h(p). Calculate l(-4).
1
Let n(m) = 5*m**2 - 9*m + 3. Let a(d) = -6*d**2 + 10*d - 4. Let x(y) = 4*a(y) + 5*n(y). Let s be (-8)/4*2/(-1). Give x(s).
-5
Let m(v) be the second derivative of -v**3/3 + 3*v**2/2 - 122*v. Suppose 12 = 3*z - 5*z. Let w = 10 + z. What is m(w)?
-5
Let j(w) be the second derivative of w**3/6 - 2*w**2 - w. Suppose 2*d - 2 + 9 = m, 3*d - 6 = -4*m. Suppose -n - 12 = -4*g, m*g - 8 = -0*g + n. Determine j(g).
0
Let s(o) = 5*o - 2*o - 6*o + 4 + o. Let u(w) = w**2 - 5*w + 4. Let h be u(5). Let j = h - 1. Calculate s(j).
-2
Let g(h) = h**3 - 3*h**2 - 5*h - 19. Let p be g(5). Let j(c) = -c + 4. What is j(p)?
-2
Let q(t) = 87*t + 2 + 0 - 90*t + t**2 + 1. Suppose 3*z + 7 = -4*m, -5*m + 15 = 3*z - 4*z. What is q(m)?
1
Let k(j) = 0 - 27*j + 0 + 21*j. Calculate k(-1).
6
Suppose w + i = -7, -5 - 2 = 2*w - 5*i. Let f(y) = -3*y + 5. Let k(b) = 0*b - 1 + b + 2. Let c(x) = w*k(x) + f(x). Calculate c(-1).
8
Let o(y) = y + 1. Let v(s) = s - 6. Let f(r) = -2*o(r) + v(r). Give f(-5).
-3
Let h = 7 - 14. Let p(b) = -5*b**2 + 8*b. Let q(w) = 9*w**2 - 15*w. Let n(o) = h*p(o) - 4*q(o). What is n(4)?
0
Let u(l) = l**3 - l**2 - l. Let i(o) = o - 5. Let y be i(8). Let s(z) = z**3 - 2 - 5*z - y*z**2 + 10 - 4. Let c be s(4). Calculate u(c).
0
Let m(d) be the second derivative of d**6/120 + d**5/10 + d**4/12 + 7*d**3/6 - 3*d**2/2 - d. Let n(l) be the first derivative of m(l). Calculate n(-6).
-5
Let l(b) = -b**2 - b + 1. Let i be 3*(24/9 - 1). Suppose -4*w = w + i. What is l(w)?
1
Let s(y) = -6*y - 11. Let o(v) = 3*v + 6. Let t(q) = -11*o(q) - 6*s(q). Calculate t(-2).
-6
Let s(l) = -2*l - 7*l**3 + 0*l**3 - 10*l**2 + 6*l**3 - 7*l. Calculate s(-9).
0
Let z(x) be the third derivative of x**5/60 - 5*x**4/24 + 2*x**3/3 + 4*x**2 + 3*x. What is z(4)?
0
Let g(c) = -4*c - 20. Let r be g(-6). Let o(b) = b**3 - 3*b**2 - 5*b + 4. Determine o(r).
0
Let z(o) = 2*o**3 + 8*o**2 + o + 1. Let w(m) = -3*m**3 - 12*m**2 - 2*m - 2. Let k(v) = -5*w(v) - 8*z(v). What is k(-4)?
-6
Let s(t) = t + 6. Let o be s(6). Suppose -6*h = -2*h + o, -4*f + 5*h = -23. Let y(r) = f*r - 3*r + r**3 + 1 + 0. What is y(2)?
7
Let c(u) = 7*u**2. Let v(r) = -6*r**2. Let j(z) = -5*c(z) - 6*v(z). Let k(p) = -p**2 - 4*p + 7. Let b be k(-5). Give j(b).
4
Suppose 3*m - 4 = 5. Suppose -j = -6*j + 2*n + m, 4*j - 2*n - 2 = 0. Let x(r) = 9 - j + 0 - r. What is x(0)?
8
Suppose -2*u - 1 = 5*i + 28, i + 7 = -u. Let y = u - -2. Suppose -4*o = 4*d + 16, y = -2*d - 4*o - 5 - 5. Let n(f) = -f**2 - 3*f + 1. Calculate n(d).
1
Let b(d) = d**2 + d - 1. Let j be b(-2). Let q(v) = -11*v**2 - 1. Determine q(j).
-12
Let g = 6 - 4. Let h(w) = w**3 - w**2 - 2*w - 1. Calculate h(g).
-1
Suppose 4*f + 2 = -6, -5*f - 6 = 4*x. Let t(a) = -2*a + 1. What is t(x)?
-1
Let u(d) = 7*d - 6. Let c be ((-3)/((-3)/8))/(-44 + 46). Calculate u(c).
22
Let r(d) be the second derivative of -1/6*d**4 - 1/720*d**6 + 0*d**2 + 3*d - 1/40*d**5 + 0 + 0*d**3. Let j(s) be the third derivative of r(s). Give j(-2).
-1
Let a(v) = -v**3 + 5*v**2 + 7*v - 31. Let z be a(5). Let q(f) be the second derivative of f**3/3 + f**2/2 - f. What is q(z)?
9
Let y(a) = a + 20. Let o be y(-9). Let r(l) = -4*l**2 - 10*l**2 - o*l**2 + 26*l**2 - 6*l + 2. Determine r(6).
2
Let c =